hat is 4 + 25?
29
In base 3, what is 120021 - 10?
120011
In base 8, what is 343 + 3?
346
In base 3, what is -1120 + 222?
-121
In base 16, what is 7 - 2c?
-25
In base 12, what is -167 + 93?
-94
In base 13, what is 2 - -1047?
1049
In base 8, what is -11 + -27?
-40
In base 8, what is 1045 + -3?
1042
In base 9, what is 132 - -101?
233
In base 12, what is 6 + -67?
-61
In base 13, what is -322 + 2?
-320
In base 3, what is 0 + 121222?
121222
In base 11, what is -5 - 111?
-116
In base 16, what is -1 + 2f0?
2ef
In base 11, what is 586 - -2?
588
In base 7, what is -6 - 212?
-221
In base 12, what is -9 - -916?
909
In base 12, what is 2a18 - -3?
2a1b
In base 16, what is 4 - -5a?
5e
In base 3, what is 1121 + -11201?
-10010
In base 13, what is -67c + -3?
-682
In base 8, what is -11 - -3?
-6
In base 12, what is 234 + -47?
1a9
In base 3, what is -11 + 1202200?
1202112
In base 2, what is 11011011 + -10?
11011001
In base 14, what is -7b - 1?
-7c
In base 12, what is -52 + b?
-43
In base 6, what is 324425 + 3?
324432
In base 9, what is 0 + 21?
21
In base 10, what is 116 - -26?
142
In base 6, what is -3553 - 5?
-4002
In base 2, what is 11 - 11111110111?
-11111110100
In base 10, what is 17 - -2614?
2631
In base 3, what is 112 + 121?
1010
In base 13, what is 0 - 742?
-742
In base 6, what is -145 + 10?
-135
In base 2, what is -1110111 + 1?
-1110110
In base 8, what is 4 - -250?
254
In base 6, what is -2343 - -2?
-2341
In base 2, what is 100011 + 11000?
111011
In base 3, what is -12 + -102120011?
-102120100
In base 9, what is 3 - 16?
-13
In base 14, what is -3 - a29?
-a2c
In base 2, what is -100 - -100001111?
100001011
In base 4, what is -10 + -101022?
-101032
In base 5, what is 431 - 4?
422
In base 13, what is -5 - 11?
-16
In base 3, what is -111 + 12?
-22
In base 9, what is -14 + -58?
-73
In base 6, what is 11 + 42?
53
In base 5, what is -14430 - -3?
-14422
In base 16, what is -168 - -3?
-165
In base 7, what is -111 - 4?
-115
In base 13, what is 987 + -8?
97c
In base 8, what is 33017 + 5?
33024
In base 8, what is 0 + -223?
-223
In base 9, what is 3 - -1084?
1087
In base 2, what is 10111 - 111000101?
-110101110
In base 13, what is 3 - -3b?
41
In base 11, what is 190 + 1?
191
In base 10, what is -3 + 3768?
3765
In base 6, what is -123 - 20?
-143
In base 5, what is 12 - 10133?
-10121
In base 11, what is -155 - 7?
-161
In base 13, what is -5 + 1b7?
1b2
In base 3, what is 112022 + 2?
112101
In base 16, what is 4b - -5?
50
In base 4, what is -102 + -12?
-120
In base 9, what is -6181 + -3?
-6184
In base 5, what is -3313 + -2?
-3320
In base 8, what is -5 + 117?
112
In base 16, what is -b + -5?
-10
In base 6, what is -2 + -51?
-53
In base 14, what is -645 + 1?
-644
In base 10, what is 1290 - -16?
1306
In base 2, what is -100 - -1000010?
111110
In base 9, what is -5 + 184?
178
In base 13, what is -42 + 1?
-41
In base 11, what is -5 + 70?
66
In base 12, what is a + 60?
6a
In base 15, what is -4 + 9?
5
In base 7, what is 10505 - -1?
10506
In base 7, what is 100 - -1106?
1206
In base 8, what is 227 - -44?
273
In base 10, what is 11 - 162?
-151
In base 2, what is -100 + 1111011?
1110111
In base 4, what is -222 + 130?
-32
In base 14, what is 1 - -1c?
1d
In base 16, what is -10 + -27?
-37
In base 7, what is -1114 + -112?
-1226
In base 10, what is -123 - 53?
-176
In base 10, what is 168 + 9?
177
In base 8, what is 5 + 1520?
1525
In base 2, what is -1000001001 + -100?
-1000001101
In base 3, what is -112 + -1000101?
-1000220
In base 12, what is -191 + -4?
-195
In base 16, what is 4 + 5?
9
In base 9, what is 3 - 245?
-242
In base 7, what is -3 + -3?
-6
In base 11, what is -6 - 1171?
-1177
In base 8, what is -5 - 3420?
-3425
In base 12, what is 72 + -4?
6a
In base 9, what is -835 + 3?
-832
In base 15, what is 6 + 3?
9
In base 3, what is -1 + 1?
0
In base 4, what is 11 + -121?
-110
In base 2, what is 1000 - 10001001?
-10000001
In base 9, what is 5 + -61?
-55
In base 10, what is -5 + 1209?
1204
In base 3, what is 1000110 + -22?
1000011
In base 16, what is -79 - 4?
-7d
In base 16, what is -73 + 1?
-72
In base 2, what is -10011101111 - -1011?
-10011100100
In base 11, what is -1 - -1278?
1277
In base 14, what is 2 - -996?
998
In base 14, what is 12 + -9?
7
In base 16, what is -f + -8c?
-9b
In base 6, what is 131 - 3?
124
In base 7, what is -10 - 33?
-43
In base 4, what is -12221202 - -1?
-12221201
In base 14, what is -124 - 4?
-128
In base 9, what is 7 + -2102?
-2084
In base 16, what is -5 + -3?
-8
In base 8, what is -10004 - -4?
-10000
In base 9, what is -4250 - 1?
-4251
In base 12, what is -272 - 7?
-279
In base 4, what is 1 - -2012?
2013
In base 8, what is 17 + 55?
74
In base 7, what is -1404 - 3?
-1410
In base 9, what is 106 + 6?
113
In base 7, what is -1 - -2052?
2051
In base 9, what is -51 - -4?
-46
In base 7, what is 10 + 632?
642
In base 7, what is -40550 + 2?
-40545
In base 7, what is 1131 - 5?
1123
In base 11, what is 0 + -872?
-872
In base 14, what is -4 + -24?
-28
In base 12, what is 1 - -18?
19
In base 10, what is 3 - 448?
-445
In base 7, what is -66 + 63?
-3
In base 8, what is -76 - -6?
-70
In base 3, what is -11 + 222202?
222121
In base 13, what is 63 - -4?
67
In base 16, what is -8b1 + -3?
-8b4
In base 3, what is -1212 - 110?
-2022
In base 6, what is -4 + -154?
-202
In base 5, what is -10024 - 3?
-10032
In base 10, what is -3 + 4621?
4618
In base 8, what is -2420 + 3?
-2415
In base 9, what is 4 - 11840?
-11835
In base 9, what is 7 + -584?
-576
In base 12, what is -1a - 115?
-133
In base 16, what is -4 - 468?
-46c
In base 16, what is -4f - 4?
-53
In base 6, what is -433 + -11?
-444
In base 7, what is -2 + 1464?
1462
In base 16, what is -5 + -160?
-165
In base 14, what is 15d + 3?
162
In base 11, what is -3 - 98?
-a0
In base 12, what is 7 + 34?
3b
In base 14, what is -71 - -58?
-17
In base 5, what is 420 - -10?
430
In base 6, what is -312 + 2?
-310
In base 9, what is 3 - 1241?
-1237
In base 2, what is 1001 - -101?
1110
In base 16, what is -1 + a4?
a3
In base 6, what is 3 + -1503?
-1500
In base 7, what is -2201 - -6?
-2162
In base 9, what is 1 + -2?
-1
In base 4, what is -21120 - -2?
-21112
In base 3, what is 2021100 - 2?
2021021
In base 15, what is 1b + -1?
1a
In base 11, what is 20 + -a5?
-85
In base 13, what is -62 + -2?
-64
In base 11, what is -1176 + 3?
-1173
In base 3, what is 10 + -1011202?
-1011122
In base 14, what is -4 - 43?
-47
In base 16, what is 8 + 4?
c
In base 11, what is 35 - -29?
63
In base 11, what is -239 - -2?
-237
In base 6, what is 1432 - -1?
1433
In base 8, what is -14 - 202?
-216
In base 8, what is -134 - -2?
-132
In base 6, what is -32002 + 3?
-31555
In base 7, what is 5 + 211?
216
In base 16, what is -57 + 19b?
144
In base 7, what is 3 - -114?
120
In base 10, what is -2 + 199?
197
In base 2, what is -100 + 100110101111?
100110101011
In base 2, what is -1100 + -1000010?
-1001110
In base 2, what is -1110 + -11001?
-100111
In base 11, what is 3 - -26?
29
In base 13, what is -8 - 118?
-123
In base 16, what is -1 - 99?
-9a
In base 13, what is 8 - 5?
3
In base 5, what is -44312 + 0?
-44312
In base 16, what is 7e + 0?
7e
In base 4, what is 1 - -22?
23
In base 7, what is -140306 + 0?
-140306
In base 6, what is 301 + -10?
251
In base 15, what is 4ae - 3?
4ab
In base 16, what is -3 - -a62?
a5f
In base 2, what is -10010 + -1010000101?
-1010010111
In base 5, what is 13 - -22?
40
In base 8, what is 21 + -167?
-146
In base 6, what is -1152 - 15?
-1211
In base 6, what is -3415 - 2?
-3421
In base 6, what is 121 - -54?
215
In base 2, what is 100011110 + -1011000?
11000110
In base 2, what is 1010010 + -100?
1001110
In base 5, what is -2 - -13010?
13003
In base 13, what is 20 + -75?
-55
In base 13, what is -323 + 3?
-320
In base 10, what is -92 - 5?
-97
In base 5, what is 2030 + 41?
2121
In base 6, what is 11550 + -3?
11543
In base 13, what is -7 + 1b7?
1b0
In base 3, what is 2012 - -120?
2202
In base 15, what is -2d3 - -5?
-2cd
In base 13, what is 22 - 2?
20
In base 9, what is 5 - -34?
40
In base 4, what is 1232 + -1232?
0
In base 15, what is -2 - 185?
-187
In base 16, what is 91 - 4?
8d
In base 14, what is -3802 - 0?
-3802
In base 10, what is 451 + 1?
452
In base 3, what is -100 + -1021?
-1121
In base 12, what is -4 + 87?
83
In base 12, what is -3 - -63?
60
In base 